 + 1897. Suppose 0 = 3*n - 203 - o. Suppose 0 = 5*i - 49 - n. Is i prime?
True
Let a be 4 - (2 + 0) - -2. Let w(k) = -a*k - k + 14*k**2 + 3*k - 1 + k. Is w(-2) a composite number?
True
Let l be (-7)/2*(-2)/(-1). Let v = 11 + l. Suppose -4*d = 3*c - v, -4*c + 3*d - 4 = -26. Is c prime?
False
Let h(t) = -5*t**2 + 16*t + 166. Let z(s) = s**2 - 3*s - 33. Let u(i) = -2*h(i) - 11*z(i). Let o be u(0). Let y = o - -2. Is y a composite number?
True
Let z(v) = -v**2 - 11*v - 12. Let o be z(-9). Suppose -3*g - 947 + 71 = 0. Is 2/o + g/(-6) prime?
False
Suppose p = 5*p - 12. Suppose -14 - 4 = -p*f. Suppose -73 = -2*i + y, 4*i - 5*y - f = 137. Is i a composite number?
False
Let c = 1 - -1. Let p = -8 - -4. Is c/(p/6) + 6 composite?
False
Let l be 3/(-5) - 165/(-25). Suppose -l*t + t + 335 = 0. Is t a composite number?
False
Let m be (-1 - 0)*(-82)/2. Let f = 160 - m. Is f a prime number?
False
Suppose 6*w - 5*w = 0. Suppose 2*c - 1110 - 1024 = w. Is c a prime number?
False
Suppose -2*n + 0*n + 6 = -5*r, -31 = -3*n + 2*r. Is n composite?
False
Suppose 3*y - 2046 = -3*g - 2*y, 2*g - y = 1351. Is g a prime number?
True
Let h = -1403 + 2554. Is h composite?
False
Let z = -7 + 10. Suppose 5*x - 25 = 0, -z*x + 9 = 3*u - 12. Is ((-298)/u - -1)/(-2) a prime number?
False
Let n = 119 - -531. Suppose 4*v - 2*v = -4*f + n, 0 = 2*f - v - 319. Is f composite?
True
Suppose b + 3 + 4 = 0. Let l = b + 13. Is (2/(-3))/((-1)/l) a composite number?
True
Let a(r) = -12*r**2. Let z be a(-1). Is (50/3)/(z/(-18)) prime?
False
Let t = 6 + -3. Let q be 14 - t/(2 + 1). Let w = q + 6. Is w prime?
True
Let x = 5261 + -2328. Is x a prime number?
False
Let v = 267 - -926. Is v composite?
False
Suppose -3*s = -3*h - 24, -5*h = 13 + 2. Suppose 503 = 4*w + s*z, -5*z - 313 = -5*w + 327. Is w prime?
True
Let a = 15384 + -8235. Is a a composite number?
True
Suppose 2*h = 313 + 287. Suppose -5*c = -c - h. Let q = -38 + c. Is q a prime number?
True
Let i be 748 - ((-1)/(-1) - -2). Suppose -5*x + i = 6*f - f, -x + 144 = 2*f. Suppose -2*z - 62 = -x. Is z a composite number?
True
Let z = -4 + 6. Let r(d) = -d**2 + 6*d + 2. Let m be r(7). Is z/m - (-747)/5 a composite number?
False
Suppose -m + 10 = 2*m - i, 2*m + i - 15 = 0. Suppose 3*o + 165 = 5*p - 133, -m*o - 104 = -2*p. Is p prime?
False
Suppose 0 = 3*x + 1 - 7, -3*k - 4*x + 569 = 0. Is k a prime number?
False
Suppose -2*g + 6*g - 20 = 0. Suppose -1049 = -g*h + 3*y, -2*h - 104 + 516 = -5*y. Is h composite?
False
Let k be (-3)/(-9)*3 + 2. Suppose -k*p = -2*p + 2. Is (-4)/(p*1/11) a prime number?
False
Let i = 4 - 1. Suppose 226 = -q + i*q. Is q composite?
False
Let i be 5 + -6 - (-3 + 1). Suppose i = a + 6, 3*s = 5*a + 19. Is s/8 - (-807)/12 a prime number?
True
Let v be (9/6)/((-2)/(-12)). Is 2/v + 440/45 prime?
False
Suppose -5*n = -4*q + 4556, 2*n = -5*q + 2*q + 3394. Suppose 3*l - 3*k - 1651 = k, -2*l - 4*k + q = 0. Is l a prime number?
True
Suppose -308 = -3*k + 139. Let s = k + -72. Is s prime?
False
Suppose -a = i + 3*a - 363, -2*i + 2*a + 706 = 0. Is i a composite number?
True
Let d = -132 + 323. Is d composite?
False
Suppose -5*k + k + 374 = -2*p, 0 = -k - 5*p + 99. Let b = -15 + k. Suppose -5*j = -b - 76. Is j a prime number?
True
Let m = 382 + -630. Is 3 - m - (-3 + 1) prime?
False
Suppose -c = c - 8. Suppose -p = 3*p - 2*t - 96, 104 = c*p - 4*t. Is p a composite number?
True
Let c be (-274)/8 + 7/28. Let p = 283 - c. Is p a composite number?
False
Suppose 2*d + 3*d = -400. Let k = d + 167. Is k a prime number?
False
Let u(a) = -4*a**2 + 8*a + 1. Let j(i) = -i. Let m(f) = -21*j(f) - 3*u(f). Let l be m(3). Let x = l + -31. Is x a prime number?
False
Let x(q) = 14*q - 10. Let r be x(10). Let l = -13 + 24. Let i = r - l. Is i a composite number?
True
Let s = 93 + -18. Let j = -40 + s. Is j prime?
False
Let g(k) = 64*k + 2. Let w be g(2). Let j = 279 - w. Is j composite?
False
Let d = -719 - -1222. Is d composite?
False
Let k = 3 - -10. Is k a composite number?
False
Let l be (4/(-6))/(2/(-6)). Let a(h) = -h**3 + 5*h**3 + h + 4 - 3. Is a(l) a composite number?
True
Suppose -j + 102 = -47. Is j prime?
True
Let f(m) = -4*m + 2. Let p(a) = a - 1. Let i(c) = -2*f(c) + 2*p(c). Let l be i(-7). Is (l/(-6))/(6/9) composite?
False
Let b be 1 - (-2 - 3*2). Suppose -q + b = -14. Is q a prime number?
True
Suppose 3*t + 5*l + 12 = 0, 0*t + 3*l + 10 = t. Let u = t + -3. Let k = u + 4. Is k a composite number?
False
Suppose 6*d - 1685 = d. Is d prime?
True
Let c = -3 + 22. Let a = 46 + c. Is a prime?
False
Let a = -1108 + 510. Is (a/3)/(14/(-21)) a prime number?
False
Suppose -3*g + 1143 = 3*c, -3*g + 8*g + 2*c = 1902. Let m = 555 - g. Suppose -5*l = -0*l - m. Is l a prime number?
False
Let y(o) = o**3 + 5*o**2 - o - 5. Let m be y(-5). Suppose m = -5*j + j + 316. Is j composite?
False
Let p = 49 - 5. Is 1 - (0 + -3)*p composite?
True
Let c(s) = s + 0*s + 9*s**3 - 8*s**3 + 5 - 3*s**2. Is c(4) composite?
True
Let y(q) = -4*q + 1. Let i(c) = -5*c + 2. Let v(b) = 7*i(b) - 6*y(b). Let o(n) = 3*n + 2. Let m be o(-3). Is v(m) a prime number?
False
Let l(c) = c**2 - 2*c - 2. Suppose 0*b - 3*b + 12 = 0. Let a be l(b). Suppose a*n - 3*n = 5*j - 266, -2*j + 113 = n. Is j a composite number?
True
Let m be (3/4)/(1/8). Let q(o) = 3*o**2 - 8*o - 1. Is q(m) composite?
False
Let b = -8 + 10. Let r = -32 - -53. Suppose -b*y = -91 + r. Is y a composite number?
True
Is 1 + 972*((-7)/3 - -4) a prime number?
True
Suppose -20 = -2*r - 2*m, -3*r + 3*m + 6 + 0 = 0. Let o be (-2 - (-16)/(-6))*r. Let h = 50 + o. Is h prime?
False
Suppose -4*n = -q + 20, 0 = 3*q + 2*n + n. Let z be q + -3 + 3 + -1. Suppose 7*f - z*f = 476. Is f a composite number?
True
Suppose -3*f + 99 = 5*b, -4*f - 29 = -3*b + 42. Is b composite?
True
Suppose 2*a = -n - 7 - 0, -a - 3 = n. Is -94*(2/(-4))/n composite?
False
Let u(q) = -2*q**3 - 2*q - 7. Is u(-5) prime?
False
Let d = 117 + -22. Suppose -2*h + 38 = -2*s, s - 3*s - d = -5*h. Is h prime?
True
Let w(q) = q**2 - 6*q + 4. Let i be w(7). Let v = i + -9. Is 88/2 + v + 1 composite?
False
Suppose 0 = -6*f + 5*f + 1337. Is f composite?
True
Let t = 276 + -145. Is t a composite number?
False
Let k(c) = 2*c**2 + 4*c + 7. Suppose -2*g - 3*g + 30 = 0. Is k(g) composite?
False
Let h be 172/3*(-3)/2. Suppose 3*c - 10 + 247 = v, -2*c = v - 247. Let o = v + h. Is o a prime number?
True
Let q be 21/2 + (-6)/4. Let a = q + 2. Is a a composite number?
False
Let g(m) be the first derivative of m**4/4 + 2*m**3 - 9*m**2/2 - 3*m - 6. Is g(-7) composite?
False
Suppose -4*z + 9*z - 5*j - 805 = 0, j + 493 = 3*z. Suppose 0 = -t - 0*t + z. Is t a composite number?
True
Suppose -5*m - c = -576, m + c = -3*c + 119. Is m prime?
False
Let p = -74 - -7. Is (p/2)/((-2)/4) a prime number?
True
Is (-1)/(-6) + 256844/168 a prime number?
False
Let t(i) be the first derivative of -i**4/4 + 7*i**3/3 + i**2/2 - 3. Is t(7) composite?
False
Suppose -2*u - 12 = -6*u. Suppose 2 = u*t - 2*t. Suppose -t*s = -5*s + 18. Is s a prime number?
False
Suppose 4*v + 4*p + 12 = 0, 0 = 2*v - 2*p - 3*p - 22. Let c(a) = 6*a + 13 + a - 1 + v. Is c(12) a composite number?
False
Let x(m) = -m + 27. Is x(4) prime?
True
Suppose -i - 3*i + 12 = 0. Suppose -206 - 85 = -i*o. Is o a composite number?
False
Is ((-6690)/(-2))/3 + 0 prime?
False
Suppose 2*f + 5*m = -8, -3*f + 5*m - 66 = -4. Is (-1558)/f + (-4)/14 a composite number?
True
Let i be 4/26 - 16/104. Is -2*447/(-6) - i a prime number?
True
Let q(f) = 46*f + 13. Is q(6) composite?
True
Let h = -27 - -30. Suppose 5*c - k - 632 = 0, -644 = -0*c - 5*c - h*k. Is c prime?
True
Suppose -3*f - 4*y + 103 = -40, 0 = -2*y - 8. Is f prime?
True
Suppose 5*r = 29 + 446. Suppose -2*m = -i + 117, i - 29 = -5*m + r. Is i composite?
True
Let s(o) = 5*o**2 - 9*o + 3. Suppose 8 = -2*t + t. Is s(t) composite?
True
Let a = -1 + 6. Suppose a*n + 5 = d, 5*d + n = 75 + 54. Is d a prime number?
False
Suppose 2*o - 6 = -0. Suppose -x = o*b + 2*x - 3, 2*x - 2 = 3*b. Suppose -3*k + 256 = 5*u, k - 87 = -b*k - 2*u. Is k a prime number?
False
Suppose 2*f + 5 = f. Let p be 1 + 3 + (-5 - f). Let x(o) = 6*o**2 + 6*o - 1. Is x(p) a composite number?
True
Let p = 1757 - 708. Is p prime?
True
Let z be 1*(-1 - -2) - 1. Is 2/((-4)/(-38)) + z a prime number?
True
Let q(g) = -g**3 - 7*g**2 + 